{"id":32,"date":"2016-06-16T03:37:28","date_gmt":"2016-06-16T01:37:28","guid":{"rendered":"http:\/\/vinkocken.se\/?p=32"},"modified":"2016-07-19T22:03:25","modified_gmt":"2016-07-19T20:03:25","slug":"foretagsevent","status":"publish","type":"page","link":"https:\/\/www.vinkocken.se\/index.php\/catering-2\/foretagsevent\/","title":{"rendered":"F\u00f6retag"},"content":{"rendered":"<h3 class=\"widget-title\">Mat och fika till arbetsplatsen<\/h3>\n<p>Det \u00e4r ofta detaljerna och de sm\u00e5 sakerna som skapar den l\u00e5ngsiktiga trivseln och gemenskapen p\u00e5 en arbetsplats. S\u00e5 som exempelvis frukostbuff\u00e9 eller bullar till eftermiddagsfikat. &nbsp;Sk\u00e4m bort era&nbsp;kunder, partners och anst\u00e4llda med frukost, m\u00f6tesmackor eller afterwork med tilltugg eller mat. Hos oss kan du&nbsp;&nbsp;ha en st\u00e5ende best\u00e4llning p\u00e5 frukostbuff\u00e9, sm\u00f6rg\u00e5sar, bakverk, sallader och sm\u00f6rg\u00e5st\u00e5rta till m\u00f6tet eller&nbsp;m\u00e5nadsavst\u00e4mningen. Vi hj\u00e4lper \u00e4ven till med att ordna en&nbsp;kv\u00e4llsvickning med vin d\u00e4r&nbsp;ni kan f\u00e5 vintips och en kortare introduktion till de utvalda vinerna<\/p>\n<p><strong>Konferens, utbildning eller m\u00f6te?<\/strong><br \/>\nInga beslut b\u00f6r tas p\u00e5 tom mage. Med sm\u00f6rg\u00e5st\u00e5rtan framdukad lagom till benstr\u00e4ckaren eller mackor inne i konferenssalen r\u00e4cker energin l\u00e4ngre och hj\u00e4lper er att komma fram\u00e5t i er agenda.&nbsp;<\/p>\n<p>Har ni \u00e5terkommande m\u00f6ten eller utbildningar? D\u00e5 kan ett abonnemang p\u00e5 mat vara ett bra alternativ,&nbsp;s\u00e5 levererar vi maten till er arbetsplats.&nbsp;P\u00e5 s\u00e5 s\u00e4tt beh\u00f6ver ni inte komma ih\u00e5g att best\u00e4lla inf\u00f6r varje event och ist\u00e4llet l\u00e4gga den tiden p\u00e5 annat.&nbsp;<\/p>\n<p><script type=\"text\/javascript\">var ajaxurl = 'http:\/\/vinkocken.se\/wp-admin\/admin-ajax.php';<\/script><\/p>\n<h3 class=\"widgettitle widget-title\">Boka mat till din arbetsplats<\/h3>\n<p><script>\nvar smartFormsCurrentTime=new Date(\".date('D M d Y H:i:s O').\");\nvar smartFormsPath=\"http:\/\/vinkocken.se\/wp-content\/plugins\/smart-forms\/\";\nvar smartDonationsRootPath=\"\";\nvar smartDonationsSandbox=\"\";\nvar smartFormsDesignMode=false;\nif(!window.smartFormsItemsToLoad)\nwindow.smartFormsItemsToLoad=[];\nwindow.smartFormsItemsToLoad.push({'form_id':1, 'elements':[{\"ClassName\":\"rednaotextinput\",\"IsRequired\":\"y\",\"Formulas\":{},\"Styles\":{},\"Id\":\"rnField1\",\"Spacing\":\"col-sm-12\",\"Label\":\"Namn\",\"Placeholder\":\"\",\"Value\":\"\",\"ReadOnly\":\"n\",\"Width\":\"\",\"Icon\":{\"ClassName\":\"\"},\"CustomCSS\":\"\",\"Placeholder_Icon\":{\"ClassName\":\"\",\"Orientation\":\"\"}},{\"ClassName\":\"rednaoemail\",\"IsRequired\":\"y\",\"Formulas\":{},\"Styles\":{},\"Id\":\"rnField2\",\"Spacing\":\"col-sm-12\",\"Label\":\"Email\",\"Placeholder\":\"\",\"Icon\":{\"ClassName\":\"\"},\"CustomCSS\":\"\",\"Placeholder_Icon\":{\"ClassName\":\"\",\"Orientation\":\"\"}},{\"ClassName\":\"rednaotextinput\",\"IsRequired\":\"y\",\"Formulas\":{},\"Styles\":{},\"Id\":\"rnField11\",\"Spacing\":\"col-sm-12\",\"Label\":\"Telefon\",\"Placeholder\":\"\",\"Value\":\"\",\"ReadOnly\":\"n\",\"Width\":\"\",\"Icon\":{\"ClassName\":\"\"},\"CustomCSS\":\"\",\"Placeholder_Icon\":{\"ClassName\":\"\",\"Orientation\":\"\"}},{\"ClassName\":\"rednaotextinput\",\"IsRequired\":\"y\",\"Formulas\":{},\"Styles\":{},\"Id\":\"rnField5\",\"Spacing\":\"col-sm-12\",\"Label\":\"Tillst\u00e4llningens datum\",\"Placeholder\":\"\",\"Value\":\"\",\"ReadOnly\":\"n\",\"Width\":\"\",\"Icon\":{\"ClassName\":\"\"},\"CustomCSS\":\"\",\"Placeholder_Icon\":{\"ClassName\":\"\",\"Orientation\":\"\"}},{\"ClassName\":\"rednaotextinput\",\"IsRequired\":\"y\",\"Formulas\":{},\"Styles\":{},\"Id\":\"rnField6\",\"Spacing\":\"col-sm-12\",\"Label\":\"Antal g\u00e4ster\",\"Placeholder\":\"\",\"Value\":\"\",\"ReadOnly\":\"n\",\"Width\":\"\",\"Icon\":{\"ClassName\":\"\"},\"CustomCSS\":\"\",\"Placeholder_Icon\":{\"ClassName\":\"\",\"Orientation\":\"\"}},{\"ClassName\":\"rednaoselectbasic\",\"IsRequired\":\"y\",\"Formulas\":{},\"Styles\":{},\"Id\":\"rnField4\",\"Spacing\":\"col-sm-12\",\"Label\":\"Typ av arrangemang\",\"DefaultText\":\"V\u00e4lj typ av arrangemang\",\"Options\":[{\"label\":\"F\u00f6delsedagar & Barnkalas\",\"value\":\"0\",\"sel\":\"n\"},{\"label\":\"F\u00f6retag\",\"value\":\"0\",\"sel\":\"n\"},{\"label\":\"Italienska Charkuterier\",\"value\":\"0\",\"sel\":\"n\"},{\"label\":\"Matlagningsupplevelse f\u00f6r barn & unga\",\"value\":\"0\",\"sel\":\"n\"},{\"label\":\"Studenten & Examen\",\"value\":\"0\",\"sel\":\"n\"}],\"Width\":\"\",\"CustomCSS\":\"\",\"DefaultText_Icon\":{\"ClassName\":\"\",\"Orientation\":\"\"}},{\"ClassName\":\"rednaotextarea\",\"IsRequired\":\"n\",\"Formulas\":{},\"Styles\":{},\"Id\":\"rnField10\",\"Spacing\":\"col-sm-12\",\"Label\":\"\u00d6vriga \u00f6nskem\u00e5l\",\"DefaultText\":\"\",\"Value\":\"\",\"Width\":\"\",\"Height\":\"\",\"Placeholder\":\"\",\"Disabled\":\"n\",\"MaxLength\":\"\",\"CustomCSS\":\"\",\"Placeholder_Icon\":{\"ClassName\":\"\",\"Orientation\":\"\"}},{\"ClassName\":\"rednaosubmissionbutton\",\"IsRequired\":\"n\",\"Formulas\":{},\"Styles\":{\"redNaoSubmitButton\":{\"Scope\":\"1\",\"Properties\":{\"Font-Family\":\"\\\"Verdana\\\",\\\"Geneva\\\",\\\"sans-serif\\\"\",\"background-color\":\"#F9B233\",\"Color\":\"#FFFFFF\"}}},\"Id\":\"rnField8\",\"Spacing\":\"col-sm-12\",\"ButtonText\":\"Skicka\",\"CustomCSS\":\"\",\"Icon\":{\"ClassName\":\"\"},\"Animated\":\"y\"}],'client_form_options':{\"JavascriptCode\":[],\"CSS\":\"\",\"Conditions\":[],\"UsesCaptcha\":\"n\",\"alert_message\":\"Tack f\u00f6r att du kontaktar Vinkocken.se\\nVi \u00e5terkommer inom kort.\\n\\nMed V\u00e4nlig H\u00e4lsning,\\nVinkocken\",\"alert_message_cb\":\"y\",\"DontClearForm\":\"n\",\"redirect_to\":[{\"URL\":\"\",\"RCSettings\":{\"Redirect\":\"always\",\"ConditionSettings\":[]}}],\"redirect_to_cb\":\"y\",\"Campaign\":null,\"PayPalEmail\":\"\",\"PayPalDescription\":\"\",\"PayPalCurrency\":null,\"Formulas\":{},\"InvalidInputMessage\":\"*V\u00e4nligen fyll i obligatoriska f\u00e4lt\",\"FormType\":\"nor\",\"SplitSteps\":{},\"ToolTipPosition\":\"right\",\"Extensions\":{}},'container':'formContainer1591571208'});\n<\/script><br \/>\n<img loading=\"lazy\" decoding=\"async\" src=\"http:\/\/vinkocken.se\/wp-content\/uploads\/2016\/06\/Banner.png\" width=\"765\" height=\"90\" srcset=\"http:\/\/vinkocken.se\/wp-content\/uploads\/2016\/06\/Banner.png 765w, http:\/\/vinkocken.se\/wp-content\/uploads\/2016\/06\/Banner-300x35.png 300w, http:\/\/vinkocken.se\/wp-content\/uploads\/2016\/06\/Banner-600x71.png 600w\" class=\"so-widget-image\"><\/p>\n","protected":false},"excerpt":{"rendered":"<p>Mat och fika till arbetsplatsen Det \u00e4r ofta detaljerna och de sm\u00e5 sakerna som skapar den l\u00e5ngsiktiga trivseln och gemenskapen p\u00e5 en arbetsplats. S\u00e5 som exempelvis frukostbuff\u00e9 eller bullar till eftermiddagsfikat. &nbsp;Sk\u00e4m bort era&nbsp;kunder, partners och anst\u00e4llda med frukost, m\u00f6tesmackor eller afterwork med tilltugg eller mat. Hos oss kan du&nbsp;&nbsp;ha en st\u00e5ende best\u00e4llning p\u00e5 frukostbuff\u00e9,&#8230; <\/p>\n<div class=\"link-more\"><a href=\"https:\/\/www.vinkocken.se\/index.php\/catering-2\/foretagsevent\/\">L\u00e4s mer<\/a><\/div>\n","protected":false},"author":1,"featured_media":334,"parent":22,"menu_order":20,"comment_status":"open","ping_status":"closed","template":"","meta":{"footnotes":""},"class_list":["post-32","page","type-page","status-publish","has-post-thumbnail","hentry"],"_links":{"self":[{"href":"https:\/\/www.vinkocken.se\/index.php\/wp-json\/wp\/v2\/pages\/32"}],"collection":[{"href":"https:\/\/www.vinkocken.se\/index.php\/wp-json\/wp\/v2\/pages"}],"about":[{"href":"https:\/\/www.vinkocken.se\/index.php\/wp-json\/wp\/v2\/types\/page"}],"author":[{"embeddable":true,"href":"https:\/\/www.vinkocken.se\/index.php\/wp-json\/wp\/v2\/users\/1"}],"replies":[{"embeddable":true,"href":"https:\/\/www.vinkocken.se\/index.php\/wp-json\/wp\/v2\/comments?post=32"}],"version-history":[{"count":15,"href":"https:\/\/www.vinkocken.se\/index.php\/wp-json\/wp\/v2\/pages\/32\/revisions"}],"predecessor-version":[{"id":501,"href":"https:\/\/www.vinkocken.se\/index.php\/wp-json\/wp\/v2\/pages\/32\/revisions\/501"}],"up":[{"embeddable":true,"href":"https:\/\/www.vinkocken.se\/index.php\/wp-json\/wp\/v2\/pages\/22"}],"wp:featuredmedia":[{"embeddable":true,"href":"https:\/\/www.vinkocken.se\/index.php\/wp-json\/wp\/v2\/media\/334"}],"wp:attachment":[{"href":"https:\/\/www.vinkocken.se\/index.php\/wp-json\/wp\/v2\/media?parent=32"}],"curies":[{"name":"wp","href":"https:\/\/api.w.org\/{rel}","templated":true}]}}