{"id":35,"date":"2016-06-15T03:42:23","date_gmt":"2016-06-15T01:42:23","guid":{"rendered":"http:\/\/vinkocken.se\/?p=35"},"modified":"2019-04-09T15:38:03","modified_gmt":"2019-04-09T13:38:03","slug":"studenten","status":"publish","type":"page","link":"https:\/\/www.vinkocken.se\/index.php\/catering-2\/studenten\/","title":{"rendered":"Student &#038; Examen"},"content":{"rendered":"<p>\u00c4r det dags att fira utspring fr\u00e5n gymnasiet eller diplom fr\u00e5n h\u00f6gskola och universitet? Vinkocken.se fyller ert bord med b\u00e5de fin dukning och mat efter era \u00f6nskem\u00e5l.&nbsp;&nbsp;Vill ni ha tips p\u00e5 vin som passar till maten hj\u00e4lper vi till med det ocks\u00e5.&nbsp;<\/p>\n<h3 class=\"widget-title\">Vendelas studentbuff\u00e9<\/h3>\n<p>\u00c4nnu en g\u00e5ng fick&nbsp;vi&nbsp;m\u00f6jlighet att laga mat och leverera till en studentmottagning. Delar av den&nbsp;buff\u00e9 som serverades bestod av lax- och r\u00e4ksnittar p\u00e5 kavringsbotten och <a href=\"http:\/\/www.vinkocken.se\/2011\/04\/potatissallad-med-ruccola-parmesan-och-valnotter\/\">potatissallad<\/a>. Ut\u00f6ver det hade familjen st\u00e4llt fram och m\u00e4rkt upp en burk med <a href=\"http:\/\/www.vinkocken.se\/2013\/05\/rabarberchutney\/\">rabarberchutney<\/a>, \u00e4ven den fr\u00e5n&nbsp;Vinkocken.se&nbsp;. &nbsp;\u00d6vrigt p\u00e5 buff\u00e9n var sallader, paj, marinerad fl\u00e4skytterfil\u00e9, ostbricka, salami och massor med olika godsaker. Efterr\u00e4ttsbuff\u00e9n var kladdkaka med gr\u00e4dde, jordgubbar och kiwi, sen fanns \u00e4ven godisbitar och snacks.&nbsp;<\/p>\n<p><img loading=\"lazy\" decoding=\"async\" src=\"http:\/\/vinkocken.se\/wp-content\/uploads\/2016\/06\/studentbuffe.jpg\" width=\"1082\" height=\"801\" srcset=\"http:\/\/vinkocken.se\/wp-content\/uploads\/2016\/06\/studentbuffe.jpg 1082w, http:\/\/vinkocken.se\/wp-content\/uploads\/2016\/06\/studentbuffe-300x222.jpg 300w, http:\/\/vinkocken.se\/wp-content\/uploads\/2016\/06\/studentbuffe-768x569.jpg 768w, http:\/\/vinkocken.se\/wp-content\/uploads\/2016\/06\/studentbuffe-1024x758.jpg 1024w, http:\/\/vinkocken.se\/wp-content\/uploads\/2016\/06\/studentbuffe-405x300.jpg 405w\" class=\"so-widget-image\"><\/p>\n<h3 class=\"widget-title\">Alexandras studentbuff\u00e9<\/h3>\n<p>Vi fick&nbsp;\u00e4ran att laga en buff\u00e9 f\u00f6r 40 personer till Alexandra som tog studenten. Vi hade v\u00e4dret med oss och maten serverades hemma i deras tr\u00e4dg\u00e5rd. P\u00e5 buff\u00e9n serverades <a href=\"http:\/\/www.vinkocken.se\/2016\/06\/pastasallad-med-soltorkade-tomater-och-fetaost\/\">pastasallad<\/a>,&nbsp;<a href=\"http:\/\/www.vinkocken.se\/2011\/04\/potatissallad-med-ruccola-parmesan-och-valnotter\/\">potatissallad<\/a>, kallskuret, kycklingspett,&nbsp;<a href=\"http:\/\/www.vinkocken.se\/2013\/05\/rabarberchutney\/\">rabarberchutney <\/a>och sm\u00e5 snittar med <a href=\"http:\/\/www.vinkocken.se\/2012\/04\/laxtarta\/\">r\u00e4kor och kallr\u00f6kt lax<\/a>. Med Alexandras grekiska p\u00e5br\u00e5 \u00e4ven grekisk sallad och <a href=\"http:\/\/www.vinkocken.se\/2016\/06\/tzatziki\/\">tzatziki<\/a>.&nbsp;<span id=\"more-18270\"><\/span>Br\u00f6d och efterr\u00e4tt\/t\u00e5rta har Alexandra ordnat med sj\u00e4lv, d\u00e5 hon dels arbetar extra p\u00e5 bageri och best\u00e4llde t\u00e5rtan och dels ville baka sj\u00e4lv.<\/p>\n<p><img loading=\"lazy\" decoding=\"async\" src=\"http:\/\/vinkocken.se\/wp-content\/uploads\/2016\/06\/student-smorgastarta.jpg\" width=\"960\" height=\"711\" srcset=\"http:\/\/vinkocken.se\/wp-content\/uploads\/2016\/06\/student-smorgastarta.jpg 960w, http:\/\/vinkocken.se\/wp-content\/uploads\/2016\/06\/student-smorgastarta-300x222.jpg 300w, http:\/\/vinkocken.se\/wp-content\/uploads\/2016\/06\/student-smorgastarta-768x569.jpg 768w, http:\/\/vinkocken.se\/wp-content\/uploads\/2016\/06\/student-smorgastarta-405x300.jpg 405w\" class=\"so-widget-image\"><br \/>\n<script type=\"text\/javascript\">var ajaxurl = 'http:\/\/vinkocken.se\/wp-admin\/admin-ajax.php';<\/script><\/p>\n<h3 class=\"widgettitle widget-title\">Fira din student eller examen med vinkocken<\/h3>\n<p><script>\nvar smartFormsCurrentTime=new Date(\".date('D M d Y H:i:s O').\");\nvar smartFormsPath=\"http:\/\/vinkocken.se\/wp-content\/plugins\/smart-forms\/\";\nvar smartDonationsRootPath=\"\";\nvar smartDonationsSandbox=\"\";\nvar smartFormsDesignMode=false;\nif(!window.smartFormsItemsToLoad)\nwindow.smartFormsItemsToLoad=[];\nwindow.smartFormsItemsToLoad.push({'form_id':1, 'elements':[{\"ClassName\":\"rednaotextinput\",\"IsRequired\":\"y\",\"Formulas\":{},\"Styles\":{},\"Id\":\"rnField1\",\"Spacing\":\"col-sm-12\",\"Label\":\"Namn\",\"Placeholder\":\"\",\"Value\":\"\",\"ReadOnly\":\"n\",\"Width\":\"\",\"Icon\":{\"ClassName\":\"\"},\"CustomCSS\":\"\",\"Placeholder_Icon\":{\"ClassName\":\"\",\"Orientation\":\"\"}},{\"ClassName\":\"rednaoemail\",\"IsRequired\":\"y\",\"Formulas\":{},\"Styles\":{},\"Id\":\"rnField2\",\"Spacing\":\"col-sm-12\",\"Label\":\"Email\",\"Placeholder\":\"\",\"Icon\":{\"ClassName\":\"\"},\"CustomCSS\":\"\",\"Placeholder_Icon\":{\"ClassName\":\"\",\"Orientation\":\"\"}},{\"ClassName\":\"rednaotextinput\",\"IsRequired\":\"y\",\"Formulas\":{},\"Styles\":{},\"Id\":\"rnField11\",\"Spacing\":\"col-sm-12\",\"Label\":\"Telefon\",\"Placeholder\":\"\",\"Value\":\"\",\"ReadOnly\":\"n\",\"Width\":\"\",\"Icon\":{\"ClassName\":\"\"},\"CustomCSS\":\"\",\"Placeholder_Icon\":{\"ClassName\":\"\",\"Orientation\":\"\"}},{\"ClassName\":\"rednaotextinput\",\"IsRequired\":\"y\",\"Formulas\":{},\"Styles\":{},\"Id\":\"rnField5\",\"Spacing\":\"col-sm-12\",\"Label\":\"Tillst\u00e4llningens datum\",\"Placeholder\":\"\",\"Value\":\"\",\"ReadOnly\":\"n\",\"Width\":\"\",\"Icon\":{\"ClassName\":\"\"},\"CustomCSS\":\"\",\"Placeholder_Icon\":{\"ClassName\":\"\",\"Orientation\":\"\"}},{\"ClassName\":\"rednaotextinput\",\"IsRequired\":\"y\",\"Formulas\":{},\"Styles\":{},\"Id\":\"rnField6\",\"Spacing\":\"col-sm-12\",\"Label\":\"Antal g\u00e4ster\",\"Placeholder\":\"\",\"Value\":\"\",\"ReadOnly\":\"n\",\"Width\":\"\",\"Icon\":{\"ClassName\":\"\"},\"CustomCSS\":\"\",\"Placeholder_Icon\":{\"ClassName\":\"\",\"Orientation\":\"\"}},{\"ClassName\":\"rednaoselectbasic\",\"IsRequired\":\"y\",\"Formulas\":{},\"Styles\":{},\"Id\":\"rnField4\",\"Spacing\":\"col-sm-12\",\"Label\":\"Typ av arrangemang\",\"DefaultText\":\"V\u00e4lj typ av arrangemang\",\"Options\":[{\"label\":\"F\u00f6delsedagar & Barnkalas\",\"value\":\"0\",\"sel\":\"n\"},{\"label\":\"F\u00f6retag\",\"value\":\"0\",\"sel\":\"n\"},{\"label\":\"Delikatessbricka\/charkuterier\",\"value\":\"0\",\"sel\":\"n\"},{\"label\":\"Matlagningsupplevelse f\u00f6r barn & unga\",\"value\":\"0\",\"sel\":\"n\"},{\"label\":\"Studenten & Examen\",\"value\":\"0\",\"sel\":\"n\"}],\"Width\":\"\",\"CustomCSS\":\"\",\"DefaultText_Icon\":{\"ClassName\":\"\",\"Orientation\":\"\"}},{\"ClassName\":\"rednaotextarea\",\"IsRequired\":\"n\",\"Formulas\":{},\"Styles\":{},\"Id\":\"rnField10\",\"Spacing\":\"col-sm-12\",\"Label\":\"\u00d6vriga \u00f6nskem\u00e5l\",\"DefaultText\":\"\",\"Value\":\"\",\"Width\":\"\",\"Height\":\"\",\"Placeholder\":\"\",\"Disabled\":\"n\",\"MaxLength\":\"\",\"CustomCSS\":\"\",\"Placeholder_Icon\":{\"ClassName\":\"\",\"Orientation\":\"\"}},{\"ClassName\":\"rednaosubmissionbutton\",\"IsRequired\":\"n\",\"Formulas\":{},\"Styles\":{\"redNaoSubmitButton\":{\"Scope\":\"1\",\"Properties\":{\"Font-Family\":\"\\\"Verdana\\\",\\\"Geneva\\\",\\\"sans-serif\\\"\",\"background-color\":\"#F9B233\",\"Color\":\"#FFFFFF\"}}},\"Id\":\"rnField8\",\"Spacing\":\"col-sm-12\",\"ButtonText\":\"Skicka\",\"CustomCSS\":\"\",\"Icon\":{\"ClassName\":\"\"},\"Animated\":\"y\"}],'client_form_options':{\"JavascriptCode\":[],\"CSS\":\"\",\"Conditions\":[],\"UsesCaptcha\":\"n\",\"alert_message\":\"Tack f\u00f6r att du kontaktar Vinkocken.se\\nVi \u00e5terkommer inom kort.\\n\\nMed V\u00e4nlig H\u00e4lsning,\\nVinkocken\",\"alert_message_cb\":\"y\",\"DontClearForm\":\"n\",\"redirect_to\":[{\"URL\":\"\",\"RCSettings\":{\"Redirect\":\"always\",\"ConditionSettings\":[]}}],\"redirect_to_cb\":\"y\",\"Campaign\":null,\"PayPalEmail\":\"\",\"PayPalDescription\":\"\",\"PayPalCurrency\":null,\"Formulas\":{},\"InvalidInputMessage\":\"*V\u00e4nligen fyll i obligatoriska f\u00e4lt\",\"FormType\":\"nor\",\"SplitSteps\":{},\"ToolTipPosition\":\"right\",\"Extensions\":{}},'container':'formContainer600506580'});\n<\/script><br \/>\n<img loading=\"lazy\" decoding=\"async\" src=\"http:\/\/vinkocken.se\/wp-content\/uploads\/2016\/06\/Banner.png\" width=\"765\" height=\"90\" srcset=\"http:\/\/vinkocken.se\/wp-content\/uploads\/2016\/06\/Banner.png 765w, http:\/\/vinkocken.se\/wp-content\/uploads\/2016\/06\/Banner-300x35.png 300w, http:\/\/vinkocken.se\/wp-content\/uploads\/2016\/06\/Banner-600x71.png 600w\" class=\"so-widget-image\"><\/p>\n","protected":false},"excerpt":{"rendered":"<p>\u00c4r det dags att fira utspring fr\u00e5n gymnasiet eller diplom fr\u00e5n h\u00f6gskola och universitet? Vinkocken.se fyller ert bord med b\u00e5de fin dukning och mat efter era \u00f6nskem\u00e5l.&nbsp;&nbsp;Vill ni ha tips p\u00e5 vin som passar till maten hj\u00e4lper vi till med det ocks\u00e5.&nbsp; Vendelas studentbuff\u00e9 \u00c4nnu en g\u00e5ng fick&nbsp;vi&nbsp;m\u00f6jlighet att laga mat och leverera till en&#8230; <\/p>\n<div class=\"link-more\"><a href=\"https:\/\/www.vinkocken.se\/index.php\/catering-2\/studenten\/\">L\u00e4s mer<\/a><\/div>\n","protected":false},"author":1,"featured_media":195,"parent":22,"menu_order":50,"comment_status":"closed","ping_status":"closed","template":"","meta":{"footnotes":""},"class_list":["post-35","page","type-page","status-publish","has-post-thumbnail","hentry"],"_links":{"self":[{"href":"https:\/\/www.vinkocken.se\/index.php\/wp-json\/wp\/v2\/pages\/35"}],"collection":[{"href":"https:\/\/www.vinkocken.se\/index.php\/wp-json\/wp\/v2\/pages"}],"about":[{"href":"https:\/\/www.vinkocken.se\/index.php\/wp-json\/wp\/v2\/types\/page"}],"author":[{"embeddable":true,"href":"https:\/\/www.vinkocken.se\/index.php\/wp-json\/wp\/v2\/users\/1"}],"replies":[{"embeddable":true,"href":"https:\/\/www.vinkocken.se\/index.php\/wp-json\/wp\/v2\/comments?post=35"}],"version-history":[{"count":16,"href":"https:\/\/www.vinkocken.se\/index.php\/wp-json\/wp\/v2\/pages\/35\/revisions"}],"predecessor-version":[{"id":570,"href":"https:\/\/www.vinkocken.se\/index.php\/wp-json\/wp\/v2\/pages\/35\/revisions\/570"}],"up":[{"embeddable":true,"href":"https:\/\/www.vinkocken.se\/index.php\/wp-json\/wp\/v2\/pages\/22"}],"wp:featuredmedia":[{"embeddable":true,"href":"https:\/\/www.vinkocken.se\/index.php\/wp-json\/wp\/v2\/media\/195"}],"wp:attachment":[{"href":"https:\/\/www.vinkocken.se\/index.php\/wp-json\/wp\/v2\/media?parent=35"}],"curies":[{"name":"wp","href":"https:\/\/api.w.org\/{rel}","templated":true}]}}